+ 50. What is the highest common factor of 135 and n?
15
Let g = 39 - 4. Let i(r) = -r**2 + 29*r + 37. Let t be i(30). What is the greatest common divisor of g and t?
7
Let q be 70*((-9)/(-6) + -2). Let h = -52 - q. Let c = 18 + h. What is the highest common factor of c and 5?
1
Let k(o) = -o**3 - 21*o**2 + 21*o - 11. Let i be k(-22). Suppose -3 = 4*b - i. What is the greatest common divisor of 2 and b?
2
Let t = -438 + 439. Let g(l) = -l - 8. Let y be g(-9). What is the highest common divisor of y and t?
1
Suppose -u + 13 = y, 48*y + 5*u + 79 = 52*y. Calculate the highest common divisor of y and 92.
4
Let b be 472 - (-2 + -4) - 2. Calculate the highest common factor of 28 and b.
28
Suppose -2*h + 162 = -126. Let k = 48 + 15. Let r = h - k. What is the highest common divisor of 9 and r?
9
Let q(k) = k**3 + 3*k**2 - 2. Let a be q(-2). Let c be -6*(-2 - 3/a). Let o = 59 + -38. What is the greatest common divisor of c and o?
21
Let z be 6/(36/21)*-2. Let u(d) = -3*d + 9. Let v(p) = -2*p + 10. Let i(q) = -3*u(q) + 4*v(q). Let x be i(z). What is the greatest common factor of 15 and x?
3
Suppose -25 = -17*c + 1131. What is the highest common factor of 1309 and c?
17
Suppose -840 + 99 = -19*g. What is the greatest common divisor of g and 416?
13
Let n(x) = -x**3 + 5*x**2 + 5*x. Let j be n(6). Let u be 2/j*(-3 + (-3 - 39)). What is the highest common divisor of 30 and u?
15
Let k = 790 + -384. What is the greatest common factor of k and 14?
14
Let j(t) = 24*t - 18. Let n = 132 - 126. Let i be j(n). What is the greatest common divisor of 84 and i?
42
Let c be (-3)/(-2) - 9/(-6). Suppose 0 = 3*b - 2*f - 10, 0 = -c*b - 3*f - f - 2. Suppose -b = j - 15. What is the highest common divisor of 13 and j?
13
Let y(t) = -2*t**3 + 15*t**2 + 15*t - 5. Let f be y(8). What is the greatest common divisor of f and 187?
17
Suppose -v - 14 = -9, -4*f = -3*v - 199. What is the greatest common factor of f and 184?
46
Let x be 10*20 + 344/43. Calculate the highest common divisor of x and 39.
13
Suppose 3*c = 4*w - 10, 0*c - 3*c + 18 = 3*w. Suppose -3*x + v = -w*x + 18, -2*v + 8 = 0. What is the highest common divisor of 63 and x?
7
Suppose -2*m + 190 = 3*m. Let p be (0 - 21)*(-16302)/1001. What is the greatest common divisor of m and p?
38
Let d = 2 - -11. Suppose -12 = -4*i, 7*q - 514 = 2*q + 2*i. What is the greatest common factor of q and d?
13
Let u(b) = 2*b + 12. Let w be u(3). Let f = -83 + 245. Calculate the greatest common factor of f and w.
18
Let l = -27 + 31. Suppose -o - 15 - 35 = -5*v, -l*v + 54 = 2*o. Calculate the highest common divisor of v and 1.
1
Let y(s) = -s**2 - 5*s + 10. Let n be y(-6). Suppose -4*j = n*t - 0 - 20, 4*t - 3*j + 1 = 0. What is the highest common divisor of 16 and t?
2
Let d be (-5 - -11)/(2/10). Let g(z) be the third derivative of 5*z**4/12 + 4*z**2. Let u be g(2). What is the greatest common divisor of u and d?
10
Suppose 0 = z - 58 + 51. Let b be (-22)/(-3) - 35/105. Calculate the highest common factor of z and b.
7
Suppose 83 = 7*b - 358. What is the greatest common divisor of 2961 and b?
63
Suppose -979 = -4*x + v + 425, -708 = -2*x - v. Let s(y) = 10*y - 138. Let g be s(17). Calculate the greatest common factor of g and x.
32
Let q be 42 + -5 - 6/(-6 - -4). What is the highest common factor of q and 310?
10
Suppose 4*o = 3*p - 131, -o = 2*p - 0*o - 91. Let v be (-2)/4 + p/2. Let b = -5 - -27. Calculate the highest common factor of v and b.
22
Suppose 370 = -13*n + 344. Let w(y) = -y**3 + y**2. Let b be w(2). Let j be 2*13*n/b. Calculate the greatest common divisor of j and 39.
13
Let h(s) = -6*s**2 + 37*s + 6. Let f be h(6). Suppose 2*a - 4*a + 592 = 0. Suppose -a = -4*w + 40. Calculate the highest common factor of f and w.
12
Let w be 278/(-8) + (-10)/40. Let b = w - -220. Let l = 318 - b. Calculate the greatest common factor of 19 and l.
19
Suppose 4*j + 0*u - u = -49, -4*j = u + 55. Let d(p) = -4*p + 20. Let r be d(j). What is the highest common divisor of r and 8?
8
Let w(k) = -k**3 + k**2 - 4*k + 1. Let u be w(3). Let s = u + 20. Let p be 2/s - (-735)/27. Calculate the greatest common factor of 297 and p.
27
Suppose 2191 + 266 = 7*t. Calculate the highest common divisor of 78 and t.
39
Let x = 602 + -441. Calculate the highest common divisor of 35 and x.
7
Suppose 5*p + 2*a - 230 = 0, -5*p + 113 + 142 = -3*a. What is the greatest common divisor of p and 264?
24
Let c be 5 + (14 - (-2 + 7)). Calculate the highest common factor of c and 434.
14
Suppose 416*s - 420*s + 380 = 0. Calculate the highest common divisor of s and 1235.
95
Let m = -91 - -115. Let a be 2184/9*3/(-2). Let r be 10/(-25) - a/10. What is the highest common divisor of r and m?
12
Suppose -p - 5 + 46 = 0. Suppose 0 = -3*s + p + 19. Calculate the greatest common divisor of 5 and s.
5
Let y be 837/15 - (6/10)/(-3). What is the greatest common divisor of y and 112?
56
Let p(s) = s**3 + 6*s**2 + 2. Let c be p(-6). Let x = -33222 - -33250. What is the greatest common factor of x and c?
2
Suppose 0*z + 4*z + 35 = 3*v, 0 = -z + 4*v - 12. Let d = z + 83. Calculate the greatest common divisor of d and 30.
15
Let h be (-21326)/(-30) + (-78)/(-585). What is the greatest common factor of 9 and h?
9
Suppose 3*p - 6 = -0. Suppose 2*n + 4*c + 192 = 7*n, 3*n + 3*c = 99. Suppose 5*b = -6 + n. Calculate the highest common factor of p and b.
2
Suppose 2*v - 5*v + 15 = 0. Suppose 7*h = v*h. Suppose n + 4 = h, 0*j + 21 = j - 4*n. Calculate the greatest common divisor of 45 and j.
5
Suppose 2*z + 2*z + s - 11 = 0, -3*s - 3 = 0. Let f(a) = -a + 4. Let w be f(z). Let p = w + 15. Calculate the highest common factor of 4 and p.
4
Suppose 2*d - r = 11, 0 + 19 = d + 4*r. Suppose -5*o - 5*t = -710, 5*t = -1 - 19. Let u = o - 69. Calculate the highest common factor of d and u.
7
Let d = 563 - 538. Suppose -2 - 18 = -2*r. What is the greatest common factor of r and d?
5
Suppose -5*p = -3*k - 16, -4*k = 4*p + 30 + 2. Let l(j) = j**2 + 5*j + 10. Let x be l(k). What is the highest common divisor of 192 and x?
24
Suppose g - n = 43, 0 = -2*g - n - 6 + 107. Let m(p) be the first derivative of 5*p**2/2 + p - 1. Let y be m(1). Calculate the highest common factor of g and y.
6
Let p(v) = v + 8. Let g be p(-8). Suppose g = -i - 2*i - 3. Let s = i - -15. What is the greatest common divisor of 70 and s?
14
Suppose 58*n + 131 = 62*n - p, -35 = -n + p. Let h(d) = -4*d - 4. Let c be h(-5). What is the greatest common factor of n and c?
16
Suppose -3*u + 623 = -247. Suppose -7*n = -4*n + 3*q - 99, -2*n + 5*q = -38. What is the highest common factor of u and n?
29
Suppose 4*r = -3*i + 11, -4*i - 2*r + 7 = -11. Suppose 0*g - 3*g - 240 = -i*k, -k - g = -40. Calculate the highest common factor of k and 9.
9
Suppose 3*p - 11 - 19 = 0. Calculate the highest common divisor of p and 170.
10
Suppose -f + 51 = -c - c, -3*f + 177 = 2*c. Calculate the greatest common divisor of f and 95.
19
Let h(x) = x**3 + 5*x - 3*x**2 + x - 4*x + 4. Suppose -5*f + 3 = -2*v - 2*v, 24 = 3*f + 5*v. Let c be h(f). Calculate the greatest common divisor of 50 and c.
10
Let g(l) = 5*l**2 - 3*l - 6. Let z(d) = -d. Let a(c) = g(c) + 4*z(c). Let o be a(6). Suppose 4*r - o = -0*r. What is the greatest common divisor of r and 11?
11
Let q be 2 + 1 - (-6 + -67). Let n = q + -53. Suppose n = 2*t + 3. What is the highest common divisor of 25 and t?
5
Suppose 990 = -5*r + 27*r. Let q = -4 + 5. Let w be 14/q + 2 + -1. What is the highest common factor of r and w?
15
Let h = 42 - 63. Let p = h - -31. Suppose p*g - 880 = 5*g. Calculate the highest common divisor of g and 22.
22
Let s(c) = 3*c**2 - 3*c + 3. Let d be s(2). Let o = d - 1. Suppose 3*y + 3*r = 135, 4*y - 3*r - 111 = 34. What is the highest common divisor of y and o?
8
Suppose 0 = 33*r - 793 - 4355. What is the greatest common divisor of r and 39?
39
Let a(g) = 7*g**2 + g - 1. Let l be a(1). Let f be 1/(-2) + 452/8. What is the greatest common divisor of l and f?
7
Suppose -3*d - 2 = -56. Let a = 27 - 38. Let p = a - -23. What is the greatest common factor of p and d?
6
Suppose -6501 = -14*q + 51. Calculate the highest common divisor of q and 36.
36
Let r = -26 - -28. Suppose -r - 22 = -2*y. Suppose g + 4*u = 8, 2*u = -5*g + 37 + 21. Calculate the highest common divisor of g and y.
